 36. Calculate m(0).
-36
Let y(h) = 271*h + 1072. Calculate y(-4).
-12
Let z(r) = 15*r**3 - 132*r**2 - 30*r + 22. What is z(9)?
-5
Let j(f) = 87*f - 858. Give j(10).
12
Let w(m) = -m**3 - 37*m**2 - 323*m - 18. Determine w(-14).
-4
Let b(n) = n**3 - 52*n**2 - 356*n + 427. Determine b(58).
-37
Let k(f) = f**2 + 16*f - 164. What is k(18)?
448
Let d(b) = 4*b**2 - 15*b + 45. Calculate d(9).
234
Let l(c) = 4*c**2 - 161*c + 196. Determine l(39).
1
Let m(i) = i**3 + 20*i**2 + 190*i + 2796. Give m(-18).
24
Let l(m) = -10*m + 65. Give l(6).
5
Let y(x) = -8*x**2 + 14*x + 51. What is y(-4)?
-133
Let h(v) = -1005*v - 7040. Give h(-7).
-5
Let h(z) = -2*z**2 - 42*z + 104. Calculate h(-21).
104
Let b(o) = -o**3 + 17*o**2 - 84*o + 148. Give b(12).
-140
Let f(t) = -t**3 + 30*t**2 + 137*t - 10. Calculate f(34).
24
Let i(v) = 2*v**3 - 3*v**2 + 10*v - 119. Determine i(7).
490
Let z(l) = -2*l**3 + 239*l**2 - 117*l - 225. What is z(119)?
13
Let q(p) = p**3 - 10*p**2 - 78*p + 11. Determine q(-5).
26
Let x(s) = -2*s**3 - 7*s**2 + 601*s + 2372. Give x(-4).
-16
Let w(b) = 22399*b + 22400. What is w(-1)?
1
Let f(k) = -k**2 - 58*k + 10831. Determine f(-137).
8
Let v(r) = -68*r - 253. What is v(-4)?
19
Let c(r) = -606*r + 9701. Determine c(16).
5
Let w(o) = -o**3 + 21*o**2 + o - 4. Determine w(21).
17
Let a(o) = -74*o**2 + 810*o - 15. Give a(11).
-59
Let k(t) = 17*t**2 + 230*t + 4. Give k(-13).
-113
Let r(u) = 7*u + 138. Calculate r(-21).
-9
Let i(t) = -16*t - 444. Calculate i(-13).
-236
Let a(h) = -h + 104. What is a(33)?
71
Let p(f) = 2035*f + 67146. Calculate p(-33).
-9
Let u(r) = -2*r**2 + 30*r + 1148. What is u(33)?
-40
Let q(t) = 26*t + 32. Determine q(3).
110
Let a(s) = 3*s + 67. Calculate a(-2).
61
Let u(k) = 223*k + 6244. What is u(-28)?
0
Let b(k) = -21*k**2 + 253*k - 25. Determine b(12).
-13
Let w(n) = -n**3 + 25*n**2 - 20*n - 29. Calculate w(10).
1271
Let n(f) = -f**3 - 48*f**2 + 272*f + 381. Give n(-53).
10
Let x(j) = -67*j - 252. Give x(-4).
16
Let p(l) = -2*l**2 - 48*l + 124. Calculate p(-25).
74
Let v(p) = p**3 - 97*p**2 + 867*p + 257. What is v(87)?
-4
Let a(v) = -11*v - 51. Determine a(19).
-260
Let w(i) = 1472*i - 2918. Calculate w(2).
26
Let s(a) = a**3 - 12*a**2 + 126*a - 999. Determine s(9).
-108
Let t(n) = -679*n + 6772. What is t(10)?
-18
Let l(u) = -26*u**2 + 25*u - 5. Determine l(1).
-6
Let f(p) = -3*p**2 + 24*p - 139. Determine f(11).
-238
Let x(c) = -c**2 - 39*c - 155. Give x(-37).
-81
Let l(w) = 39*w - 1729. Calculate l(31).
-520
Let n(u) = u**3 + 23*u**2 - 23*u + 29. Determine n(-24).
5
Let b(g) = -g**3 - 7*g**2 + 15*g - 11. What is b(-7)?
-116
Let z(c) = -c**2 + 73*c - 803. What is z(52)?
289
Let v(m) = -2*m**3 - 9*m**2 + 69*m + 264. Calculate v(-5).
-56
Let d(y) = -3*y**3 + 36*y**2 - 25*y - 18. Determine d(11).
70
Let d(a) = a**2 - 104*a - 61. What is d(0)?
-61
Let m(x) = -3*x**2 + 163*x + 281. What is m(56)?
1
Let y(v) = -2*v**3 - 55*v**2 + 85*v - 50. Determine y(-29).
8
Let c(b) = -b**3 - 166*b**2 - 2791*b + 41. Calculate c(-19).
3
Let x(w) = -5*w**2 + 66*w - 2. What is x(14)?
-58
Let p(z) = 2*z**3 - 14*z**2 - 10*z - 15. Determine p(7).
-85
Let y(r) = -6*r**2 + 62*r + 216. Give y(13).
8
Let w(i) = 483*i + 38. Determine w(1).
521
Let i(h) = h**3 + 117*h**2 - 3*h - 252. What is i(-117)?
99
Let b(v) = -22*v - 118. Determine b(5).
-228
Let n(a) = -2*a**3 + 11*a**2 + 4*a + 3. Calculate n(6).
-9
Let k(g) = -3*g**3 - 11*g**2 - 16*g - 36. What is k(-3)?
-6
Let h(a) = -40*a + 930. Calculate h(22).
50
Let h(g) = 3*g**2 - 39*g - 57. Calculate h(14).
-15
Let c(k) = -k**3 + 13*k**2 + 43*k - 197. Calculate c(15).
-2
Let b(n) = 689*n - 1368. Determine b(2).
10
Let c(p) = -p**3 - 89*p**2 - 418*p + 169. Determine c(-84).
1
Let a(u) = -32*u + 168. What is a(4)?
40
Let x(m) = -2*m**2 + 82*m - 586. Calculate x(28).
142
Let y(p) = -10*p - 262. Determine y(-27).
8
Let s(f) = 402*f + 22506. Calculate s(-56).
-6
Let y(t) = -27*t - 117. Give y(-20).
423
Let x(q) = -397*q - 3921. What is x(-10)?
49
Let y(w) = 654*w - 2062. Determine y(3).
-100
Let i(l) = -l**3 - 13*l**2 - 25*l + 9. Determine i(-10).
-41
Let l(k) = -4350*k - 91356. Give l(-21).
-6
Let l(p) = -146*p - 2200. What is l(-15)?
-10
Let g(j) = 5*j**2 + 149*j - 185. What is g(-31)?
1
Let h(l) = 515*l + 1015. Determine h(-2).
-15
Let v(k) = k**3 + 42*k**2 - 1. Calculate v(-42).
-1
Let p(n) = n**2 + 18*n + 5. Calculate p(-13).
-60
Let s(g) = -6*g + 10. Calculate s(-10).
70
Let f(c) = 2*c**3 + 16*c**2 - 16*c - 26. Calculate f(-8).
102
Let k(t) = -t**3 + 12*t**2 + 9*t - 228. Calculate k(11).
-8
Let p(b) = -2*b**3 - 10*b**2 - 11. Determine p(-5).
-11
Let s(a) = -70*a + 7846. Determine s(112).
6
Let s(k) = -3*k**3 + 25*k**2 - 41*k + 7. What is s(6)?
13
Let q(j) = 22*j + 512. Determine q(-7).
358
Let p(z) = 33*z + 571. Give p(-18).
-23
Let l(r) = -3*r**2 - 83*r - 603. Calculate l(-17).
-59
Let l(j) = 9*j**2 - 389*j - 805. Calculate l(-2).
9
Let l(h) = -3*h**2 - 43*h + 27. Calculate l(-15).
-3
Let z(i) = i**3 - i**2 + 2*i + 35. What is z(0)?
35
Let a(u) = -u**3 - 134*u**2 + 20*u + 2695. Give a(-134).
15
Let h(r) = -11*r**3 + 5*r**2 + 14*r - 18. Determine h(1).
-10
Let s(k) = 73*k**2 - 20*k. What is s(-2)?
332
Let o(a) = -797*a + 7956. Calculate o(10).
-14
Let t(y) = 40*y**3 + y**2. Give t(1).
41
Let g(z) = z**3 - 29*z**2 + 20*z + 210. Give g(28).
-14
Let v(b) = -623*b - 103419. Calculate v(-166).
-1
Let r(x) = -x**3 + 55*x**2 - 101*x - 349. Calculate r(53).
-84
Let x(p) = 16*p**3 + 4*p**2 + 19*p - 46. What is x(2)?
136
Let b(t) = -10*t**3 + 161*t**2 - 18*t - 7. What is b(16)?
-39
Let n(d) = -7*d + 118. What is n(3)?
97
Let l(k) = 3*k**3 - 101*k - 194. Determine l(-2).
-16
Let j(a) = 3352*a - 10055. What is j(3)?
1
Let u(d) = 47*d - 7057. Calculate u(150).
-7
Let l(h) = 17*h - 49. Determine l(-5).
-134
Let g(v) = v**3 - 118*v**2 + 672*v + 1. Give g(112).
1
Let f(o) = o**3 + 387*o**2 + 15392*o + 686. Determine f(-342).
2
Let m(n) = -n**3 - 26*n**2 - 132*n + 5. Give m(-7).
-2
Let p(h) = 17*h + 346. Give p(-12).
142
Let w(j) = -2*j**2 - 196*j - 1914. Determine w(-87).
0
Let o(a) = 4*a**3 + 35*a**2 - 15*a + 7. What is o(-8)?
319
Let z(m) = -1618*m - 4846. What is z(-3)?
8
Let s(w) = 47*w**2 - 14*w - 13. What is s(-2)?
203
Let k(m) = 78*m - 1147. Determine k(13).
-133
Let l(f) = f**3 - 38*f**2 - 87*f + 287. What is l(40)?
7
Let q(b) = b**3 + 21*b**2 + 51*b - 53. Give q(-18).
1
Let b(h) = -2*h**2 - 430*h + 2142. Determine b(5).
-58
Let z(w) = -w**3 + 61*w**2 + 64*w + 172. What is z(62)?
296
Let u(m) = m**3 - 19*m**2 - 253*m + 24. Give u(28).
-4
Let a(r) = -r**3 - 39*r**2 + 5*r - 35. What is a(-39)?
-230
Let l(s) = -s**3 + 16*s**2 + 81*s + 23. Give l(20).
43
Let m(n) = n**3 + 13*n**2 + 2*n - 30. Determine m(0).
-30
Let i(o) = 46*o + 574. Determine i(-13).
-24
Let s(q) = -q**3 + 95*q**2 - q + 83. Calculate s(95).
-12
Let v(h) = 71*h + 1126. Determine v(-15).
61
Let d(f) = 12*f**2 - 220*f + 124. Determine d(18).
52
Let b(r) = 40*r**3 + 439*r**2 - 9*r + 10. What is b(-11)?
-12
Let b(x) = -x**2 + 6*x + 99. What is b(-15)?
-216
Let f(v) = 20*v**2 + 21*v + 82. Calculate f(-4).
318
Let l(d) = -d**3 - 78*d**2 - 153*d - 79. Determine l(-76).
-3
Let j(a) = 11*a**2 - 997*a - 222. Give j(91).
142
Let v(n) = 52*n + 524. Give v(-18).
-412
Let x(r) = 1372*r + 2794. Determine x(-2).
50
Let x(c) = -3*c**3 - 264*c**2 + 266*c - 84. Determine x(-89).
5
Let m(w) = 2*w**2 - 25*w - 116. Determine m(16).
-4
Let g(b) = -b**2 + 1302*b + 90286. What is g(-66)?
-2
Let t(m) = -37*m + 17. Calculate t(-5).
202
Let l(b) = 7*b**2 + 327*b - 130. What is l(-47)?
-36
Let l(q) = 27*q + 4971. What is l(-185)?
-24
Let c(j) = -2*j**3 - 229*j**2 - 117*j - 359. Determine c(-114).
-17
Let r(t) = -2*t**2 + 64*t - 25. Give r(34).
-161
Let f(w) = -w**3 - 42*w**2 + 24*w - 823. What is f(-43)?
-6
Let f(s) = s**2 + 346*s + 18223. What is f(-65)?
-42
Let j(p) = -78*p + 205. Determine j(3).
-29
Let c(l) = l**3 - 10*l**2 - 17*l + 246. What is c(7)?
-20
Let d(v) = -v**3 - 5*v**2 + 11*v + 2. Determine d(-9).
227
Let h(v) = 2*v**3 + 27*v**2 - 16*v - 32. Determine h(-14).
-4
Let h(b) = b**2 + 33*b + 226. Calculate h(-24).
10
Let f(k) = 2*k**3 - 5*k**2 + 11*k - 18. Determine f(4).
74
Let i(x) = 5*x**2 + 65*x + 21. Calculate i(-9).
-159
Let n(m) = m**3 + m**2 - 37*m + 3. Giv